-2*x = 3*x + b*i + 260. Let d = 72 + x. Calculate the highest common factor of 144 and d.
18
Let b = -2295 + 2814. Calculate the highest common factor of 3 and b.
3
Let d(c) = 6*c + 42. Let v be d(6). Suppose 14*j - 11994 - 8754 = 0. Calculate the highest common factor of j and v.
78
Let f = 8298 + -4018. Calculate the greatest common factor of f and 321.
107
Suppose 3*u = 9*u - 12. Suppose -32 = -3*m + 2*m - 4*w, 0 = m - u*w - 26. Calculate the greatest common factor of m and 84.
28
Let i = 242 - 236. Suppose i*b - 360 = 630. What is the highest common divisor of b and 15?
15
Let m = 3046 - 2893. Calculate the greatest common divisor of m and 8109.
153
Suppose 4*m = -5*m + 13*m. Suppose -p - 309 = 5*a - m*a, 57 = -a - 5*p. Let f = -46 - a. What is the greatest common divisor of 88 and f?
8
Suppose -4*r + 2*u = -r + 244, -53 = r + 5*u. Let m be (-4 - -2 - r)/((-1)/(-2)). Calculate the highest common factor of 19 and m.
19
Let j = -12446 - -17251. Calculate the highest common divisor of 10 and j.
5
Let n be (2 - 3)*4 - -8. Suppose 45 = h - n*f, -h + 3*f + 24 + 21 = 0. What is the highest common divisor of 5 and h?
5
Let w = 2 + 118. Suppose -5*d = -53*a + 57*a - 249, 4*d - 192 = -2*a. Calculate the highest common factor of d and w.
15
Let x = -1740 - -2377. Calculate the greatest common divisor of 156 and x.
13
Let p be (-4)/(-10) + (-16)/(-10). Suppose 351 = n + p*n. Let o = n - 51. What is the highest common factor of o and 44?
22
Suppose 0 = 4*m + 5*j - 244, 0*j - 496 = -9*m + 2*j. Let i(o) = -o**3 - 6*o**2 + 5*o - 4. Let d be i(-8). What is the highest common divisor of d and m?
28
Suppose i + 5*p - 27 = -2, 5*p + 5 = 5*i. Suppose 4*a = i*f - 330, 4 = a + 9. What is the greatest common factor of f and 434?
62
Let j(c) = 3*c + 3*c**2 + 5 + 3*c - 3*c - 5*c**2 + 4*c**3 - 12*c**3. Let v be j(-5). Calculate the highest common factor of 20 and v.
20
Suppose 5*q + 2*a - 434 = 0, 8 = 4*a - 0*a. Suppose 2*x - 384 = -4*b, -q*x + b = -90*x + 761. Calculate the greatest common divisor of 38 and x.
38
Let x be -48 - -59 - (1 - 130). Calculate the greatest common factor of 1420 and x.
20
Let j = 289 - 430. Let i be 470/j*72/(-5). What is the highest common divisor of i and 30?
6
Let j be -6 + ((-6)/(-15) - (511095/(-25))/3). What is the greatest common factor of 33 and j?
11
Suppose 2*n - 21*v = -17*v + 7348, 5*v + 11017 = 3*n. What is the greatest common divisor of 32 and n?
16
Let q be 71*(-17 + 9 - -9) - 8. Calculate the highest common factor of 5145 and q.
21
Let a be 48/9 + (-10)/30 + 37. Suppose 3*l - a = -4*b + 27, -138 = -5*l + b. Suppose -4*r + 16 + 20 = 0. Calculate the greatest common divisor of r and l.
9
Let b be (99/3)/((-2)/(-6)). Let u be (5/(-3))/(((-418)/(-28215))/(4/(-25))). What is the highest common factor of u and b?
9
Suppose 0 = 182*i - 52*i - 317070. What is the highest common factor of 9 and i?
9
Let q(p) = p**2 - 4*p. Let o(t) = 3*t**2 - 3*t. Let z be o(2). Let y be (90/(-40))/(z/(-16)). Let w be q(y). Calculate the highest common factor of w and 8.
4
Let m be ((-16)/(-6))/1*(-1533)/292. Let q be -4 - 553/m - (-1)/2. Let g be 1/4 - (-95)/4. What is the greatest common factor of q and g?
12
Let k = -4 - -4. Suppose -2*l - 4*d + 39 + 95 = k, l + 3*d - 69 = 0. Suppose i - 45 = 60. What is the greatest common divisor of i and l?
21
Suppose -10*w + 4 = -11*w, -3*w - 27 = -5*d. Let z(v) = -8*v + 30. Let o be z(d). What is the greatest common factor of 9 and o?
3
Suppose 20898 = 99*a - 13*a. What is the highest common factor of 135 and a?
27
Let r = 82 - 94. Let z be (-210)/4*(r + 14). Let s = z + 294. Calculate the highest common divisor of 21 and s.
21
Suppose t = 87 + 217. Let z be ((-19)/(-5))/(3/15). What is the highest common divisor of z and t?
19
Let j be (18 + -24)*(-44 + 3 + 1). Calculate the highest common factor of 510 and j.
30
Let j = -19 - -21. Suppose -j*v + 10 = 0, 6*v = 5*b + 4*v - 730. What is the highest common factor of 111 and b?
37
Suppose 7*r - 227 = 88. Let h = r + -13. Suppose -4*b - 4*n + 51 + 125 = 0, 0 = b + 4*n - h. Calculate the highest common divisor of 16 and b.
16
Suppose 0 = 29*m - 22*m + 154. Let b be (-4)/22 + 986/m. Let v = -3 - b. Calculate the greatest common divisor of 105 and v.
21
Let f be (-2 - 10)*1*-2. Suppose 5*j + 4*h - 18 = 0, 132*j = 136*j - h - 27. What is the greatest common divisor of f and j?
6
Let g = 5174 - 5164. What is the highest common factor of g and 815?
5
Suppose 15*j = -922 + 4762. Suppose -h = 3*l - 68, -15*h + 4*l = -12*h - j. What is the greatest common divisor of 40 and h?
40
Let b be (-3)/2*(-188)/6. Suppose 5*g + 20664 = b*g. Calculate the highest common divisor of 36 and g.
12
Suppose 294 = 2*a - 3*m, -442*a + 446*a + 4*m - 668 = 0. Calculate the greatest common divisor of a and 19239.
159
Suppose d = -4*a + 5671, -3*d = -5 - 4. Let o(k) = -3*k**2 + 538*k - 21286. Let q be o(59). What is the highest common factor of q and a?
13
Suppose -2*c - 9 = 3*i, 13*i = 3*c + 11*i + 7. Let r be 2/(-4) - 15*c/6. What is the highest common factor of 35 and r?
7
Let q(b) = -b**2 + 87*b - 297. Let n be q(12). Calculate the greatest common factor of 279 and n.
9
Suppose 2*y + 7*y - 2*y = 25088. Calculate the highest common factor of y and 28.
28
Let w = -1020 + 1055. What is the greatest common factor of 5915 and w?
35
Suppose -5*f + 39*y - 41*y = -345, 0 = 2*y. Calculate the greatest common factor of f and 21597.
69
Let q(h) be the third derivative of h**5/12 - 2*h**2. Let a be q(-1). Suppose 0 = n - a*n + 108. What is the greatest common divisor of 9 and n?
9
Let d be (336/(-64))/((-6)/232) + 2. Let y(m) = m**3 + 10*m**2 + 5*m - 6. Let r be y(-8). What is the highest common factor of r and d?
41
Suppose 100650 = 144*j - 89*j. Calculate the greatest common divisor of j and 2074.
122
Let g be (-44)/(-990) + 327560/900. Suppose 3*q = -2*q + 560. Calculate the greatest common factor of q and g.
28
Let t be (-25)/2 - (-1)/2. Let p be (-32)/56*(-3)/(t/(-14)). Let a be (-2 - 1) + 1 + 86/p. Calculate the greatest common factor of a and 41.
41
Suppose -6*j = -321 - 285. Suppose -j = -9*w + 115. What is the highest common factor of w and 216?
24
Suppose -5*s = -1438 - 467. Let j = s + -368. What is the highest common factor of 13 and j?
13
Suppose 138*t - 670 = -55 + 351. What is the highest common factor of 47 and t?
1
Suppose 1118*d = 384*d + 106430. Let r(l) = -l - 1. Let f be r(-6). What is the highest common factor of f and d?
5
Let g = -4769 + 4984. Calculate the greatest common divisor of 55 and g.
5
Let f(m) = -9*m**3 - 15*m - 15. Let i be f(-1). Let d be 3/6 + (-23)/(-2). What is the highest common divisor of d and i?
3
Let c(a) = a**2 + 57*a + 8. Let o be c(0). What is the highest common factor of 7000 and o?
8
Let f be 0 + 11 + -32 + 119. What is the highest common factor of 994 and f?
14
Suppose 0 = f + k - 56, 0*f = -3*f + k + 180. Suppose 19*t - f - 17 = 0. Calculate the greatest common divisor of 2 and t.
2
Suppose 66 - 6 = 4*b. Suppose -k - 316 = -3*j, -5*k + 434 = 5*j - j. Let v be (j - 109) + (-6 + 0)*-1. Calculate the greatest common factor of v and b.
3
Suppose 10*t - 379 - 272 = 3*t. What is the greatest common divisor of 4216 and t?
31
Suppose -a = 2*a - 264. Let j(d) = d**3 - 2*d**2 + 2*d + 64. Let i be j(0). Suppose 4*p = -4*p + i. What is the greatest common divisor of p and a?
8
Let c = 4140 - 3881. Calculate the highest common factor of 105 and c.
7
Suppose 13*y - 32 = 5*y. Suppose -1 = -5*n + y*n. Calculate the greatest common factor of n and 13.
1
Let c(l) = 507*l + 7. Let h be c(1). Let x = h - 490. What is the highest common divisor of x and 84?
12
Suppose 0*v + 8 = 4*v, -92 = -3*u - 4*v. Suppose 0 = -8*t + 10*t - u. Suppose -5*q = 2*q - 49. Calculate the highest common factor of q and t.
7
Suppose -798*u = -804*u + 924. Let b be 21 + -1 + 1 + -7. Calculate the highest common divisor of b and u.
14
Suppose 0 = -16*o + 9 + 28 + 11. What is the highest common divisor of o and 183?
3
Suppose 5*i = -25, -4*t = -6*t - 2*i - 6. Let d be (t/(-2) - -114) + -5. Calculate the highest common divisor of d and 48.
12
Suppose 3*v + 715 = 16*v. Suppose -760 = 35*r - v*r. Let g = -88 + 145. Calculate the greatest common factor of r and g.
19
Let f(s) = 109*s**2 + 283*s 